-2888100
What is a60f9 (base 16) in base 12?
289761
What is -1211022 (base 7) in base 6?
-3145023
120816 (base 9) to base 13
271c8
Convert 11101011100100001000111 (base 2) to base 15.
a2718d
Convert -5b02f (base 16) to base 3.
-200221100210
What is -34233401 (base 7) in base 14?
-5792a8
What is -1000011001111110111 (base 2) in base 5?
-32303242
Convert 144262 (base 16) to base 2.
101000100001001100010
139942 (base 10) to base 5
13434232
Convert -2b27d (base 14) to base 9.
-173435
Convert 2403310230 (base 5) to base 2.
10101000101000010111010
What is -1003202023 (base 4) in base 12?
-1140b7
108770 (base 9) to base 16
ffe7
-12a65 (base 15) to base 14
-17a9a
1022002111100 (base 3) to base 8
2505043
What is 1454247 (base 9) in base 14?
16cbb5
What is 1417630 (base 8) in base 4?
1201332120
What is 4540597 (base 11) in base 6?
442225050
Convert 10110001101100011 (base 2) to base 11.
62399
Convert 27603 (base 10) to base 15.
82a3
-93c954 (base 14) to base 10
-4990430
What is 1210202210022 (base 3) in base 14?
1adb91
Convert -110001575 (base 8) to base 12.
-63a3225
What is -100000101100011001 (base 2) in base 11?
-9167a
What is -6615146 (base 7) in base 14?
-17175d
Convert 25601 (base 15) to base 16.
1d2b4
Convert 32861 (base 10) to base 3.
1200002002
-49187 (base 12) to base 10
-98743
What is 701011 (base 8) in base 9?
380321
Convert -77031 (base 16) to base 2.
-1110111000000110001
What is -40720 (base 10) in base 6?
-512304
2a2a10 (base 12) to base 4
2231110230
Convert 2a5b (base 15) to base 3.
110110112
82196 (base 11) to base 5
12320031
Convert 1178192 (base 10) to base 16.
11fa50
What is 65875 (base 10) in base 11?
45547
21400343 (base 6) to base 4
2123231013
111077b (base 13) to base 15
6d404d
What is -128431 (base 14) in base 9?
-1171351
-118313 (base 9) to base 14
-1c1b3
-16203 (base 7) to base 10
-4560
Convert 3721390 (base 11) to base 7.
106010025
-3d518 (base 14) to base 7
-1201631
What is 54d7a (base 16) in base 12?
149136
What is 40236 (base 16) in base 10?
262710
What is -206160 (base 8) in base 7?
-404231
-111b857 (base 12) to base 14
-613b23
-3034245 (base 9) to base 11
-a04a74
948ecc (base 15) to base 16
6bd651
What is 2551500 (base 6) in base 12?
68590
Convert -307442 (base 10) to base 3.
-120121201202
What is 2a6c3f (base 16) in base 12?
b20b13
182451 (base 9) to base 14
2d457
Convert -557c5 (base 13) to base 8.
-456776
3003122 (base 5) to base 7
254602
1213134344 (base 5) to base 9
5346004
What is 103113203 (base 4) in base 8?
232743
What is -5b08c (base 14) in base 6?
-4433324
Convert -4223555 (base 8) to base 16.
-11276d
53253 (base 8) to base 4
11122223
Convert 6801730 (base 9) to base 11.
208164a
2b56d (base 14) to base 12
52679
What is -51312 (base 15) in base 14?
-69a2c
What is -69e62 (base 16) in base 2?
-1101001111001100010
What is -2071605 (base 8) in base 3?
-1001010202101
Convert -1132011542 (base 6) to base 15.
-11aa985
2001010011 (base 3) to base 2
1001110011110100
-7003404 (base 8) to base 10
-1836804
-16a5a4b (base 12) to base 15
-62b835
53043323 (base 6) to base 5
343424403
What is -3412361 (base 12) in base 9?
-20687181
-101010111010100011 (base 2) to base 6
-3433443
-11113022 (base 5) to base 14
-2795d
Convert 35d86 (base 16) to base 3.
102012112112
What is 20311012233 (base 4) in base 2?
1000110101000110101111
25bd92 (base 16) to base 11
143a301
Convert -d835ab (base 15) to base 2.
-100111001111110010011110
What is -741171 (base 8) in base 2?
-111100001001111001
-19aa32 (base 12) to base 16
-6ee46
What is 155190 (base 16) in base 3?
2121222111210
Convert -b8588 (base 14) to base 3.
-211122021202
12505512 (base 6) to base 9
700058
What is -43a04c (base 15) in base 14?
-5dc8c5
What is -3314121 (base 6) in base 8?
-503201
Convert -11101110010011110 (base 2) to base 7.
-1015504
What is 3b56c (base 16) in base 7?
2031415
Convert 410104130 (base 5) to base 12.
673682
111001010010011000000 (base 2) to base 16
1ca4c0
1054504 (base 6) to base 2
1101001110101000
42a30 (base 12) to base 8
253504
What is -3344002124 (base 5) in base 10?
-7406539
-543101 (base 12) to base 7
-14216434
What is -635770 (base 11) in base 16?
-f87d0
What is -50378 (base 14) in base 6?
-4044250
Convert -1200202120 (base 3) to base 2.
-1000001001010000
Convert 10064711 (base 8) to base 11.
1220a71
Convert 36158 (base 12) to base 11.
4a761
2130044 (base 5) to base 14
d310
-19ba45a (base 12) to base 9
-11258427
-141236465 (base 7) to base 6
-525335552
Convert d2ac15 (base 15) to base 11.
57173a2
-9340 (base 12) to base 4
-3322200
Convert 39a41 (base 11) to base 16.
df45
What is -132a55 (base 11) in base 9?
-347507
17b24 (base 16) to base 4
113230210
-c54d1 (base 15) to base 13
-18b902
a3cc (base 14) to base 9
42622
Convert 161232 (base 9) to base 10.
99335
18041 (base 10) to base 5
1034131
1478358 (base 13) to base 2
11000111010010000010000
322772 (base 8) to base 10
108026
What is 13331 (base 13) in base 7?
206036
What is -47625 (base 12) in base 8?
-273275
What is -21201121 (base 5) in base 4?
-223201232
Convert -16343061 (base 7) to base 11.
-996aa0
What is 47779 (base 16) in base 10?
292729
What is -5770015 (base 9) in base 12?
-1063635
Convert 10011000100110000 (base 2) to base 12.
39268
Convert -110211102200 (base 3) to base 4.
-331222011
Convert -121101223201 (base 4) to base 6.
-354004001
-917a7 (base 11) to base 3
-20210220100
Convert 10000100011010100 (base 2) to base 11.
46a33
Convert 3054815 (base 9) to base 14.
3063d0
What is -56c276 (base 13) in base 3?
-10212101102102
What is -2807b (base 14) in base 7?
-561214
What is 101000110111000111 (base 2) in base 14?
44dcb
What is 1464 (base 13) in base 3?
11001110
-8750a (base 13) to base 4
-323233302
Convert b36106 (base 12) to base 11.
164a115
276120 (base 10) to base 7
2230005
What is -10201221102020 (base 3) in base 15?
-293a53
10001000001111000110 (base 2) to base 6
15543234
Convert 206820 (base 11) to base 9.
554134
252987 (base 13) to base 11
55980a
What is c6ef8 (base 16) in base 15?
11167a
8558536 (base 10) to base 16
8297c8
What is 605834 (base 10) in base 11?
384199
What is 33122230331 (base 4) in base 3?
21121022221102
What is -38a180 (base 15) in base 3?
-12010001022210
What is 4075151 (base 11) in base 6?
414120443
What is -4113324 (base 11) in base 9?
-14604456
What is 1351111 (base 6) in base 3?
10220020121
-100211010 (base 3) to base 2
-1101111110110
Convert -4113553 (base 7) to base 6.
-14305404
What is -201221222220 (base 3) in base 16?
-5fee0
-232305545 (base 6) to base 12
-15422b5
What is 305424 (base 9) in base 10?
181138
20210202112001 (base 3) to base 7
42513016
Convert -443234202 (base 5) to base 7.
-22260301
What is 251200434 (base 6) in base 2?
10010011001000100100110
-1036625 (base 8) to base 16
-43d95
-210258 (base 9) to base 16
-1e7ca
What is 11196979 (base 10) in base 15?
eb2954
What is -10121021020212 (base 3) in base 16?
-1d36ab
What is -3323340 (base 7) in base 2?
-1100011111100011110
Convert -11101121222 (base 3) to base 11.
-59a79
Convert 1125513 (base 8) to base 2.
1001010101101001011
What is 88b526 (base 13) in base 10?
3223876
-111101100100001100 (base 2) to base 5
-31032142
What is 10001010111110111 (base 2) in base 10?
71159
Convert -110231233223 (base 4) to base 16.
-52dbeb
10111100100111011 (base 2) to base 11
66612
Convert 11221011112 (base 3) to base 15.
1db6e
Convert -744594 (base 10) to base 8.
-2656222
What is -1253616 (base 7) in base 11?
-102740
Convert 216431 (base 11) to base 16.
5449f
Convert 7724156 (base 8) to base 13.
57846c
121324241 (base 5) to base 7
4606404
-374140 (base 11) to base 3
-1010000212200
Convert -1ca66 (base 13) to base 10.
-56699
What is -122100000010 (base 3) in base 16?
-534b7
Convert 6344276 (base 8) to base 4.
12130202332
What is -882c41 (base 13) in base 5?
-1310032212
-451603 (base 9) to base 8
-1017613
85981b (base 12) to base 3
10222020211112
Convert -10028667 (base 9) to base 11.
-2790192
Convert -1110011101100111101 (base 2) to base 12.
-1aa311
Convert 1000100101011011 (base 2) to base 12.
18423
Convert 11202112 (base 4) to base 5.
1211203
Convert 1000202021100 (base 3) to base 11.
343423
20022012021 (base 3) to base 7
1024504
What is -1362300 (base 8) in base 3?
-201121211012
10643445 (base 8) to base 2
100